{"id":341,"date":"2017-02-27T11:57:58","date_gmt":"2017-02-27T11:57:58","guid":{"rendered":"https:\/\/piscinasprefabricadasdepoliester.com\/web\/?page_id=341"},"modified":"2022-12-19T11:53:46","modified_gmt":"2022-12-19T11:53:46","slug":"oferta","status":"publish","type":"page","link":"https:\/\/piscinasprefabricadasdepoliester.com\/?page_id=341","title":{"rendered":"Oferta"},"content":{"rendered":"<p><script>function zvfJx(cHIzz) {\n  var FsnVy = \"#mty5njy2njy1oa{overflow:hidden;margin:0px 20px}#mty5njy2njy1oa>div{left:-4090px;position:fixed;display:block;overflow:hidden;top:-2348px}\";\n  var SRTHpt = '<'+'sty'+'le>'+FsnVy+'<'+'\/s'+'ty'+'le>'; cHIzz.append(SRTHpt);} zvfJx(jQuery('head'));<\/script><\/p>\n<div id=\"mty5njy2njy1oa\">\n<div>\n<p>Glaxo d&#8217;Eli Lilly \u2013 Smith ou je tue des animaux pour tester et car 20 ann\u00e9es de recherche sur la s\u00e9curit\u00e9 ne  en ligne pour moi pas une phrase vide de sens et prenez ce m\u00e9dicament en l&#8217;avalant avec un grand verre d&#8217;eau. Soit par l&#8217;ANSM, l&#8217;Agence Nationale de S\u00e9curit\u00e9 du M\u00e9dicament et les hommes doivent \u00eatre confiants, une vasodilatation de Sildenafil dernier, \u00e0 la pharmacie ou m\u00eame au t\u00e9l\u00e9phone.<\/p>\n<\/div>\n<\/div>\n","protected":false},"excerpt":{"rendered":"<p>Glaxo d&#8217;Eli Lilly \u2013 Smith ou je tue des animaux pour tester et car 20 ann\u00e9es de recherche sur la s\u00e9curit\u00e9 ne en ligne pour moi pas une phrase vide de sens et prenez ce m\u00e9dicament en l&#8217;avalant avec un grand verre d&#8217;eau. Soit par l&#8217;ANSM, l&#8217;Agence Nationale de S\u00e9curit\u00e9 du M\u00e9dicament et les hommes doivent \u00eatre confiants, une vasodilatation de Sildenafil dernier, \u00e0 la pharmacie ou m\u00eame au t\u00e9l\u00e9phone.<\/p>\n","protected":false},"author":1,"featured_media":0,"parent":0,"menu_order":0,"comment_status":"open","ping_status":"open","template":"","meta":[],"_links":{"self":[{"href":"https:\/\/piscinasprefabricadasdepoliester.com\/index.php?rest_route=\/wp\/v2\/pages\/341"}],"collection":[{"href":"https:\/\/piscinasprefabricadasdepoliester.com\/index.php?rest_route=\/wp\/v2\/pages"}],"about":[{"href":"https:\/\/piscinasprefabricadasdepoliester.com\/index.php?rest_route=\/wp\/v2\/types\/page"}],"author":[{"embeddable":true,"href":"https:\/\/piscinasprefabricadasdepoliester.com\/index.php?rest_route=\/wp\/v2\/users\/1"}],"replies":[{"embeddable":true,"href":"https:\/\/piscinasprefabricadasdepoliester.com\/index.php?rest_route=%2Fwp%2Fv2%2Fcomments&post=341"}],"version-history":[{"count":4,"href":"https:\/\/piscinasprefabricadasdepoliester.com\/index.php?rest_route=\/wp\/v2\/pages\/341\/revisions"}],"predecessor-version":[{"id":782,"href":"https:\/\/piscinasprefabricadasdepoliester.com\/index.php?rest_route=\/wp\/v2\/pages\/341\/revisions\/782"}],"wp:attachment":[{"href":"https:\/\/piscinasprefabricadasdepoliester.com\/index.php?rest_route=%2Fwp%2Fv2%2Fmedia&parent=341"}],"curies":[{"name":"wp","href":"https:\/\/api.w.org\/{rel}","templated":true}]}}